{"id":176276937,"date":"2013-06-18T12:53:25","date_gmt":"2013-06-18T10:53:25","guid":{"rendered":"http:\/\/fermebiodupetitsart.be\/?page_id=176276937"},"modified":"2015-11-03T08:50:03","modified_gmt":"2015-11-03T07:50:03","slug":"partenaires","status":"publish","type":"page","link":"https:\/\/fermebiodupetitsart.be\/?page_id=176276937","title":{"rendered":"partenaires"},"content":{"rendered":"<p><a href=\"http:\/\/www.crabe.be\" target=\"_blank\">le CRABE<\/a><\/p>\n<p>L\u2019acronyme CRABE a signifi\u00e9 lors de la cr\u00e9ation de l\u2019ASBL \u00ab\u00a0Coop\u00e9ration, Recherche et Animation du Brabant de l\u2019Est\u00a0\u00bb. L\u2019Est du Brabant wallon est une zone rurale, qui fait l\u2019objet d\u2019un ph\u00e9nom\u00e8ne de suburbanisation, qui la rattache progressivement \u00e0 la grande banlieue bruxelloise Cette zone comprend 10 communes\u00a0: Beauvechain, Chaumont-Gistoux, Grez-Doiceau, H\u00e9l\u00e9cine, Incourt, Jodoigne, Orp-Jauche, Perwez, Ramillies et Walhain.<\/p>\n<p><a href=\"http:\/\/www.grezentransition.be\" target=\"_blank\">Grez en transition<\/a><\/p>\n<p>En quelques mots : Grez en Transition organise depuis 2009 des \u00e9v\u00e9nements et des ateliers destin\u00e9s \u00e0 toute la population de Grez-Doiceau. Grez en Transition est un projet partag\u00e9, positif, concret, dans le respect de l\u2019homme et de la nature, anim\u00e9 par un groupe de pilotage b\u00e9n\u00e9vole. Grez en Transition cherche \u00e0 mettre en r\u00e9seau les nombreuses ressources de la commune qui sont en coh\u00e9rence avec les valeurs et les objectifs de la Transition. Grez en\u00a0(&#8230;)<\/p>\n<p><a href=\"http:\/\/www.agricovert.be\" target=\"_blank\">agricovert<\/a><\/p>\n<p>Un outil solidaire de commercialisation, de transformation et de formation\/conseil, au service des producteurs travaillant en harmonie avec l&rsquo;environnement soucieux du d\u00e9veloppement local.<\/p>\n<p><a title=\"Nature et progr\u00e8s asbl\" href=\"http:\/\/www.natpro.be\" target=\"_blank\">Nature &amp; Progr\u00e8s<\/a><\/p>\n<p>Le champ d\u2019activit\u00e9 de \u201cNature &amp; Progr\u00e8s\u201d est tr\u00e8s vaste. En voici les principaux axes\u00a0:<\/p>\n<p>&#8211; la promotion de l\u2019agriculture et du jardinage biologique\u00a0: parce que l\u2019agriculture biologique est la seule qui pr\u00e9serve la vie du sol et qui se passe presque enti\u00e8rement des sous-produits de la p\u00e9trochimie<br \/>\n&#8211; la promotion du jardinage \u00ab\u00a0selon Nature &amp; Progr\u00e8s\u00a0\u00bb qui est capable de sortir des familles de la pr\u00e9carit\u00e9 et qui permet de consommer les produits les plus sains pour un prix plus que modique<br \/>\n&#8211; la reconnaissance de l\u2019aliment comme lien essentiel entre le producteur et le consommateur et la mise en place et la promotion des circuits de distribution courts, parce que l\u2019on ne respecte vraiment que ce que l\u2019on conna\u00eet bien\u2026<br \/>\n&#8211; la pr\u00e9servation de la biodiversit\u00e9 sauvage et cultiv\u00e9e qui risque d\u2019\u00eatre en p\u00e9ril si la culture des OGM venait \u00e0 \u00eatre autoris\u00e9e\u00a0; Nature &amp; Progr\u00e8s r\u00e9clame que le seuil de contamination soit toujours \u00e9gal \u00e0 z\u00e9ro,\u2028- le d\u00e9veloppement de l\u2019\u00e9co-bioconstruction et des \u00e9nergies renouvelables\u00a0: les choix de construction ou de r\u00e9novation rendent les habitations plus ou moins agr\u00e9ables \u00e0 vivre, plus ou moins \u00e9conomes en \u00e9nergie\u2026\u2028- la promotion du tourisme rural et alternatif\u00a0: nous devons tous \u00e9viter de nous comporter en conqu\u00e9rant hors de chez nous, mais le touriste n\u2019est-il pas un intrus par d\u00e9finition\u00a0?\u2026<br \/>\n&#8211; l\u2019organisation d\u2019\u00e9v\u00e9nements destin\u00e9s \u00e0 faire partager les connaissances dans ces diff\u00e9rents domaines\u00a0: le salon Val\u00e9riane en est une illustration, mais les \u00e9changes sont indispensables tout au long de l\u2019ann\u00e9e. Vingt-deux groupes locaux et r\u00e9gionaux se chargent d\u2019organiser bon nombre de ces rencontres\u2026 La Ferme Bio du Petit Sart est bien impliqu\u00e9e dans la locale Brabant-Est du Mouvement d\u2019\u00e9ducation permanante.<\/p>\n","protected":false},"excerpt":{"rendered":"<p>le CRABE L\u2019acronyme CRABE a signifi\u00e9 lors de la cr\u00e9ation de l\u2019ASBL \u00ab\u00a0Coop\u00e9ration, Recherche et Animation du Brabant de l\u2019Est\u00a0\u00bb. L\u2019Est du Brabant wallon est une zone rurale, qui fait l\u2019objet d\u2019un ph\u00e9nom\u00e8ne de suburbanisation, qui la rattache progressivement \u00e0 &hellip; <a href=\"https:\/\/fermebiodupetitsart.be\/?page_id=176276937\">Continuer la lecture <span class=\"meta-nav\">&rarr;<\/span><\/a><\/p>\n","protected":false},"author":1,"featured_media":0,"parent":176276703,"menu_order":0,"comment_status":"closed","ping_status":"closed","template":"","meta":{"footnotes":""},"class_list":["post-176276937","page","type-page","status-publish","hentry"],"_links":{"self":[{"href":"https:\/\/fermebiodupetitsart.be\/index.php?rest_route=\/wp\/v2\/pages\/176276937","targetHints":{"allow":["GET"]}}],"collection":[{"href":"https:\/\/fermebiodupetitsart.be\/index.php?rest_route=\/wp\/v2\/pages"}],"about":[{"href":"https:\/\/fermebiodupetitsart.be\/index.php?rest_route=\/wp\/v2\/types\/page"}],"author":[{"embeddable":true,"href":"https:\/\/fermebiodupetitsart.be\/index.php?rest_route=\/wp\/v2\/users\/1"}],"replies":[{"embeddable":true,"href":"https:\/\/fermebiodupetitsart.be\/index.php?rest_route=%2Fwp%2Fv2%2Fcomments&post=176276937"}],"version-history":[{"count":13,"href":"https:\/\/fermebiodupetitsart.be\/index.php?rest_route=\/wp\/v2\/pages\/176276937\/revisions"}],"predecessor-version":[{"id":176277106,"href":"https:\/\/fermebiodupetitsart.be\/index.php?rest_route=\/wp\/v2\/pages\/176276937\/revisions\/176277106"}],"up":[{"embeddable":true,"href":"https:\/\/fermebiodupetitsart.be\/index.php?rest_route=\/wp\/v2\/pages\/176276703"}],"wp:attachment":[{"href":"https:\/\/fermebiodupetitsart.be\/index.php?rest_route=%2Fwp%2Fv2%2Fmedia&parent=176276937"}],"curies":[{"name":"wp","href":"https:\/\/api.w.org\/{rel}","templated":true}]}}