{"id":176276747,"date":"2013-05-07T17:42:40","date_gmt":"2013-05-07T15:42:40","guid":{"rendered":"http:\/\/fermebiodupetitsart.wordpress.com\/?page_id=176276747"},"modified":"2019-02-11T21:02:58","modified_gmt":"2019-02-11T20:02:58","slug":"stages-de-jardinage","status":"publish","type":"page","link":"https:\/\/fermebiodupetitsart.be\/?page_id=176276747","title":{"rendered":"stages de jardinage"},"content":{"rendered":"<div>\u00a0<b><i>Soyez\u00a0 s<\/i><\/b><b><i>t<\/i><\/b><b><i>age <\/i><\/b><b><i>!<\/i><\/b><\/div>\n<p><span style=\"font-size: xx-large;\">5 jours d&rsquo;<b>initiation au jardinage bio en permaculture<\/b><\/span><\/p>\n<p><b><span style=\"font-size: large;\">Comment d\u00e9marrer son jardin ?\u00a0<\/span><\/b><\/p>\n<p><b><span style=\"font-size: large;\">L&rsquo;ABC du potager bio, l&rsquo;analyse du sol,\u00a0<\/span><\/b><\/p>\n<p><b><span style=\"font-size: large;\">comment r\u00e9ussir ses semis ?\u00a0<\/span><\/b><\/p>\n<p><b><span style=\"font-size: large;\">Pourquoi privil\u00e9gier les l\u00e9gumes rares et oubli\u00e9s ?\u00a0<\/span><\/b><\/p>\n<p><b><span style=\"font-size: large;\">Et la culture de fleurs comestibles ?\u00a0<\/span><\/b><\/p>\n<p><b><span style=\"font-size: large;\">Quelles sont les bonnes associations de plantes ?\u00a0<\/span><\/b><\/p>\n<p><b><span style=\"font-size: large;\">Ouverture sur la permaculture, la biodynamie, les avantages des cultures sur buttes ?\u00a0<\/span><\/b><\/p>\n<p><b><span style=\"font-size: large;\">Comment r\u00e9ussir son compost ?\u00a0<\/span><\/b><\/p>\n<p><b><span style=\"font-size: large;\">Quels aromates \u00e0 privil\u00e9gier chez vous ?\u00a0<\/span><\/b><\/p>\n<p><b><span style=\"font-size: large;\">Les enjeux et les d\u00e9fis de la constitution d&rsquo;une ceinture alimentaire pour\u00a0<\/span><\/b><\/p>\n<p><b><span style=\"font-size: large;\">Charleroi M\u00e9tropole, etc&#8230;<\/span><\/b><\/p>\n<p><span style=\"font-size: large;\">En 5 jours (en alternance: expos\u00e9s th\u00e9oriques, ateliers pratiques, projections, r\u00e9coltes \u00e0 ramener \u00e0 la maison).<\/span><\/p>\n<p><span style=\"font-size: large;\"><b>O\u00f9 ?<\/b> Dans la <b>ferme urbaine du futur \u00e0 \u00ab\u00a0Jumet.bio\u00a0\u00bb rue de Borfilet, 2 <\/b>(Charleroi) et dans un coin de paradis, \u00e0 la <b>Ferme Bio du Petit Sart<\/b> dans les Ardennes braban\u00e7onnes (Grez-Doiceau).<\/span><\/p>\n<p><span style=\"font-size: large;\"><b>Quand ?<\/b> durant les vacances de P\u00e2ques 2019, le jeudi 11 et vendredi 12 avril, puis 3 jours f\u00e9ri\u00e9s: mercredi 1er mai, le jeudi 30 mai (Ascension) et le samedi 15 ao\u00fbt.<\/span><\/p>\n<p><span style=\"font-size: large;\"><b>PAF pour les 36 heures<\/b> ?<\/span><\/p>\n<p><span style=\"font-size: large;\">245 euros pour les adultes (soit 49 euros\/jour) ou 145 \u20ac pour les jeunes\/\u00e9tudiants de 12 \u00e0 21 ans.<\/span><\/p>\n<p><span style=\"font-size: large;\">Ce prix comprend: les expos\u00e9s, ateliers tr\u00e8s pratiques, mise \u00e0 disposition des outils, semences biologiques, assurances, acc\u00e8s \u00e0 la bio&rsquo;th\u00e8que, retour chez vous avec vos l\u00e9gumes et fleurs, visite d&rsquo;une ferme bio d&rsquo;exception dans les Ardennes braban\u00e7onnes, l&rsquo;encadrement p\u00e9dagogique, th\u00e9s, caf\u00e9s, jus bio.<\/span><\/p>\n<p><span style=\"font-size: large;\">(Co-voiturage sera encourag\u00e9 entre les participants pour rejoindre les sites de Jumet &amp; de Grez-Doiceau).<\/span><\/p>\n<p><span style=\"font-size: large;\"><b>Infos et inscription<\/b>:<\/span><\/p>\n<p><span style=\"font-size: large;\">Le versement de votre participation aux frais sera la confirmation de votre inscription.<\/span><\/p>\n<p><span style=\"font-size: large;\">A virer sans tarder au compte de G\u00e9n\u00e9rations.bio (fondation reconnue d&rsquo;utilit\u00e9 publique):\u00a0<\/span><\/p>\n<p><span style=\"font-size: large;\"><b>BE96 3701 2906 0005<\/b> avec la mention \u00ab\u00a011\u00e8me Stage P\u00e2ques\u00a0 &gt; Et\u00e9 2019 + nom &amp; pr\u00e9nom du\/des participant(e)s\u00a0\u00bb\u00a0 \u00a0 Infos: <a href=\"http:\/\/www.jumet.bio\/\">www.jumet.bio<\/a><\/span><\/p>\n<p><span style=\"font-size: large;\">En plus du versement, merci d&rsquo;envoyer par mail (<a href=\"mailto:info@generations.bio\">info@generations.bio<\/a>) votre nom, pr\u00e9nom, date de naissance, adresse de votre domicile, N\u00b0 de t\u00e9l\u00e9phone.gsm).<\/span><\/p>\n<p><span style=\"font-size: large;\">Les informations plus pr\u00e9cises vous parviendrons fin mars 2019. Organis\u00e9 en partenariat avec le Cercle Horticole biologique \u00ab\u00a0<i>Le Tournesol<\/i> asbl\u00a0\u00bb<\/span><\/p>\n<p><span style=\"font-size: large;\"><b>Plus d&rsquo;infos ?<\/b> Carl Vandoorne (Fondation reconnue d&rsquo;utilit\u00e9 publique) Jumet.bio 2, rue de Borfilet 6040 Jumet &#8211; Tel: 010\/60.10.16 &#8211;\u00a0 GSM: 0477\/52.81.39 <a href=\"http:\/\/www.jumet.bio\/\">www.jumet.bio<\/a>et\u00a0 <a href=\"http:\/\/www.fermebiodupetitsart.be\/\">www.fermebiodupetitsart.be<\/a>\u00a0<\/span><\/p>\n<p><a href=\"http:\/\/fermebiodupetitsart.be\/wp-content\/uploads\/2019\/02\/IMG_6532.jpg\"><img loading=\"lazy\" decoding=\"async\" class=\"alignnone size-medium wp-image-176277757\" src=\"http:\/\/fermebiodupetitsart.be\/wp-content\/uploads\/2019\/02\/IMG_6532-300x225.jpg\" alt=\"\" width=\"300\" height=\"225\" srcset=\"https:\/\/fermebiodupetitsart.be\/wp-content\/uploads\/2019\/02\/IMG_6532-300x225.jpg 300w, https:\/\/fermebiodupetitsart.be\/wp-content\/uploads\/2019\/02\/IMG_6532-768x576.jpg 768w, https:\/\/fermebiodupetitsart.be\/wp-content\/uploads\/2019\/02\/IMG_6532-1024x768.jpg 1024w\" sizes=\"auto, (max-width: 300px) 100vw, 300px\" \/><\/a><\/p>\n","protected":false},"excerpt":{"rendered":"<p>\u00a0Soyez\u00a0 stage ! 5 jours d&rsquo;initiation au jardinage bio en permaculture Comment d\u00e9marrer son jardin ?\u00a0 L&rsquo;ABC du potager bio, l&rsquo;analyse du sol,\u00a0 comment r\u00e9ussir ses semis ?\u00a0 Pourquoi privil\u00e9gier les l\u00e9gumes rares et oubli\u00e9s ?\u00a0 Et la culture de &hellip; <a href=\"https:\/\/fermebiodupetitsart.be\/?page_id=176276747\">Continuer la lecture <span class=\"meta-nav\">&rarr;<\/span><\/a><\/p>\n","protected":false},"author":1,"featured_media":176276659,"parent":176276656,"menu_order":0,"comment_status":"closed","ping_status":"closed","template":"","meta":{"footnotes":""},"class_list":["post-176276747","page","type-page","status-publish","has-post-thumbnail","hentry"],"_links":{"self":[{"href":"https:\/\/fermebiodupetitsart.be\/index.php?rest_route=\/wp\/v2\/pages\/176276747","targetHints":{"allow":["GET"]}}],"collection":[{"href":"https:\/\/fermebiodupetitsart.be\/index.php?rest_route=\/wp\/v2\/pages"}],"about":[{"href":"https:\/\/fermebiodupetitsart.be\/index.php?rest_route=\/wp\/v2\/types\/page"}],"author":[{"embeddable":true,"href":"https:\/\/fermebiodupetitsart.be\/index.php?rest_route=\/wp\/v2\/users\/1"}],"replies":[{"embeddable":true,"href":"https:\/\/fermebiodupetitsart.be\/index.php?rest_route=%2Fwp%2Fv2%2Fcomments&post=176276747"}],"version-history":[{"count":16,"href":"https:\/\/fermebiodupetitsart.be\/index.php?rest_route=\/wp\/v2\/pages\/176276747\/revisions"}],"predecessor-version":[{"id":176277758,"href":"https:\/\/fermebiodupetitsart.be\/index.php?rest_route=\/wp\/v2\/pages\/176276747\/revisions\/176277758"}],"up":[{"embeddable":true,"href":"https:\/\/fermebiodupetitsart.be\/index.php?rest_route=\/wp\/v2\/pages\/176276656"}],"wp:featuredmedia":[{"embeddable":true,"href":"https:\/\/fermebiodupetitsart.be\/index.php?rest_route=\/wp\/v2\/media\/176276659"}],"wp:attachment":[{"href":"https:\/\/fermebiodupetitsart.be\/index.php?rest_route=%2Fwp%2Fv2%2Fmedia&parent=176276747"}],"curies":[{"name":"wp","href":"https:\/\/api.w.org\/{rel}","templated":true}]}}

<div> <b><i>Soyez  s</i></b><b><i>t</i></b><b><i>age </i></b><b><i>!</i></b></div>
<p><span style="font-size: xx-large;">5 jours d&rsquo;<b>initiation au jardinage bio en permaculture</b></span></p>
<p><b><span style="font-size: large;">Comment démarrer son jardin ? </span></b></p>
<p><b><span style="font-size: large;">L&rsquo;ABC du potager bio, l&rsquo;analyse du sol, </span></b></p>
<p><b><span style="font-size: large;">comment réussir ses semis ? </span></b></p>
<p><b><span style="font-size: large;">Pourquoi privilégier les légumes rares et oubliés ? </span></b></p>
<p><b><span style="font-size: large;">Et la culture de fleurs comestibles ? </span></b></p>
<p><b><span style="font-size: large;">Quelles sont les bonnes associations de plantes ? </span></b></p>
<p><b><span style="font-size: large;">Ouverture sur la permaculture, la biodynamie, les avantages des cultures sur buttes ? </span></b></p>
<p><b><span style="font-size: large;">Comment réussir son compost ? </span></b></p>
<p><b><span style="font-size: large;">Quels aromates à privilégier chez vous ? </span></b></p>
<p><b><span style="font-size: large;">Les enjeux et les défis de la constitution d&rsquo;une ceinture alimentaire pour </span></b></p>
<p><b><span style="font-size: large;">Charleroi Métropole, etc&#8230;</span></b></p>
<p><span style="font-size: large;">En 5 jours (en alternance: exposés théoriques, ateliers pratiques, projections, récoltes à ramener à la maison).</span></p>
<p><span style="font-size: large;"><b>Où ?</b> Dans la <b>ferme urbaine du futur à « Jumet.bio » rue de Borfilet, 2 </b>(Charleroi) et dans un coin de paradis, à la <b>Ferme Bio du Petit Sart</b> dans les Ardennes brabançonnes (Grez-Doiceau).</span></p>
<p><span style="font-size: large;"><b>Quand ?</b> durant les vacances de Pâques 2019, le jeudi 11 et vendredi 12 avril, puis 3 jours fériés: mercredi 1er mai, le jeudi 30 mai (Ascension) et le samedi 15 août.</span></p>
<p><span style="font-size: large;"><b>PAF pour les 36 heures</b> ?</span></p>
<p><span style="font-size: large;">245 euros pour les adultes (soit 49 euros/jour) ou 145 € pour les jeunes/étudiants de 12 à 21 ans.</span></p>
<p><span style="font-size: large;">Ce prix comprend: les exposés, ateliers très pratiques, mise à disposition des outils, semences biologiques, assurances, accès à la bio&rsquo;thèque, retour chez vous avec vos légumes et fleurs, visite d&rsquo;une ferme bio d&rsquo;exception dans les Ardennes brabançonnes, l&rsquo;encadrement pédagogique, thés, cafés, jus bio.</span></p>
<p><span style="font-size: large;">(Co-voiturage sera encouragé entre les participants pour rejoindre les sites de Jumet &amp; de Grez-Doiceau).</span></p>
<p><span style="font-size: large;"><b>Infos et inscription</b>:</span></p>
<p><span style="font-size: large;">Le versement de votre participation aux frais sera la confirmation de votre inscription.</span></p>
<p><span style="font-size: large;">A virer sans tarder au compte de Générations.bio (fondation reconnue d&rsquo;utilité publique): </span></p>
<p><span style="font-size: large;"><b>BE96 3701 2906 0005</b> avec la mention « 11ème Stage Pâques  &gt; Eté 2019 + nom &amp; prénom du/des participant(e)s »    Infos: <a href="http://www.jumet.bio/">www.jumet.bio</a></span></p>
<p><span style="font-size: large;">En plus du versement, merci d&rsquo;envoyer par mail (<a href="mailto:info@generations.bio">info@generations.bio</a>) votre nom, prénom, date de naissance, adresse de votre domicile, N° de téléphone.gsm).</span></p>
<p><span style="font-size: large;">Les informations plus précises vous parviendrons fin mars 2019. Organisé en partenariat avec le Cercle Horticole biologique « <i>Le Tournesol</i> asbl »</span></p>
<p><span style="font-size: large;"><b>Plus d&rsquo;infos ?</b> Carl Vandoorne (Fondation reconnue d&rsquo;utilité publique) Jumet.bio 2, rue de Borfilet 6040 Jumet &#8211; Tel: 010/60.10.16 &#8211;  GSM: 0477/52.81.39 <a href="http://www.jumet.bio/">www.jumet.bio</a>et  <a href="http://www.fermebiodupetitsart.be/">www.fermebiodupetitsart.be</a> </span></p>
<p><a href="http://fermebiodupetitsart.be/wp-content/uploads/2019/02/IMG_6532.jpg"><img loading="lazy" decoding="async" class="alignnone size-medium wp-image-176277757" src="http://fermebiodupetitsart.be/wp-content/uploads/2019/02/IMG_6532-300x225.jpg" alt="" width="300" height="225" srcset="https://fermebiodupetitsart.be/wp-content/uploads/2019/02/IMG_6532-300x225.jpg 300w, https://fermebiodupetitsart.be/wp-content/uploads/2019/02/IMG_6532-768x576.jpg 768w, https://fermebiodupetitsart.be/wp-content/uploads/2019/02/IMG_6532-1024x768.jpg 1024w" sizes="auto, (max-width: 300px) 100vw, 300px" /></a></p>

<p> Soyez  stage ! 5 jours d&rsquo;initiation au jardinage bio en permaculture Comment démarrer son jardin ?  L&rsquo;ABC du potager bio, l&rsquo;analyse du sol,  comment réussir ses semis ?  Pourquoi privilégier les légumes rares et oubliés ?  Et la culture de &hellip; <a href="https://fermebiodupetitsart.be/?page_id=176276747">Continuer la lecture <span class="meta-nav">&rarr;</span></a></p>
